(6 + -20 + (3 + -5 - -7)))?
40
What is 15 - (19 + (-6 - -25))?
-23
Calculate (-5 + -12 - 2) + -79 + -2 - -24.
-76
What is 156 + -212 - (2 + -1 - (12 + -11))?
-56
Calculate (-1 - 3) + 59 + -52 - (35 - -11).
-43
Calculate (-11 - (8 - 14) - -122) + (4 - 15).
106
What is 20 + -11 + (9 - 7) + -12 - (-41 - -1)?
39
(22 - 55) + 48 + -15
0
Evaluate 22 - 76 - (-18 + (-6 - -23)).
-53
(-18 + 105 - 26) + -95
-34
Calculate 14 + -2 - (-7 - -5) - (105 - 96).
5
What is the value of -34 - (-19 + (11 - (3 - 7) - 3))?
-27
What is the value of (7 - (-40 - (2 - 11))) + 57?
95
What is 21 + 4 + 77 + -76 + (0 - -7)?
33
What is the value of 53 + (18 + 2 + -6 - (47 - (32 - 8)))?
44
Evaluate 36 - (162 - (19 - -58)).
-49
28 + -16 + 6 + -3 - 12 - -12
15
What is 1 + (0 - (-1 + 6 - (28 - -1 - 17)))?
8
Calculate -1 + 42 + (-33457 - -33347).
-69
Evaluate 9 + -1 + -73 + 2 + 22.
-41
(-7 - -8) + 8 - (-62 + (2 - -10))
59
(-116 - (120 + -271)) + 73 + 1
109
What is the value of 101 + 34 - (247 - 91)?
-21
What is 46 + -33 + (25 - -8)?
46
Evaluate -76 + 54 + 2 + -18 + (28 - 23).
-33
Evaluate -39 - -58 - 150 - (-1 - 25).
-105
(-25 - 0) + -37 + (36 - (17 - 15))
-28
What is the value of -2 + (-14 + (13 - (-21 - -9)) - 2)?
7
Evaluate 1 + (66 - 1) - (-202 + 415 - 200).
53
Evaluate 56 + 9 + 2 + -2 + -3 + -1 + 0.
61
What is the value of -1427 + 1444 + (-28 - 4)?
-15
Calculate -31 - (46 - 11) - (2 + -13).
-55
1 + -2 + 24 + -32639 + 32716
100
Calculate -4 + (-19 + (1 - -5) - -9) + (-41 - -2).
-47
Calculate (-30 - (-2 + 4)) + 4634 + -4649.
-47
What is the value of 13 + 20 + 5 + -7 + 4?
35
Evaluate 1 + 0 - -21 - ((-9 - 16) + 15 + 19).
13
What is the value of 16 - (23 + (-24 - (-10 + 12)))?
19
What is the value of (-732 - -685) + -2 + 59?
10
Calculate -1 + (13 - (-25 + 48 + -1) - (1 - 14)).
3
What is the value of -17 + 4 - (-3 - (-11 - -29) - -1) - 45?
-38
Calculate -4 - (-2 + -14 + 5) - (13 + 11 + 25).
-42
Calculate 58 - ((-2 - -112) + -60).
8
What is (-44 + -2 - (87 - 122)) + -1 + 87?
75
What is the value of 105 + (-223 - -131 - -74)?
87
(-2 - (67 - -5)) + (705 - 704)
-73
Evaluate (0 - -6 - (-35 + 25) - 21) + 22.
17
What is the value of -3 - (-9 + 11 + -13 + 11 - -32)?
-35
What is the value of -6 + (4 - 2) + 25 + -3 + 18?
36
What is the value of (33 - 1) + (1715 - 1767)?
-20
Evaluate -1774 + 1700 - (-5 - 76).
7
-5 - -4 - -33 - (567 - 533)
-2
Calculate 22 - (-38 - (-34 + -147)).
-121
What is the value of 3 + -6 + 16 - (36 - 26 - -28)?
-25
What is the value of -4 + (-50 - -22 - -34)?
2
Evaluate (5 + -11 - -10) + (-18 - 38).
-52
Evaluate -12 - (-37 + 31 - -14 - (1 - -81 - -2)).
64
What is (-2 - -15 - 66) + 26?
-27
Calculate -980 + 1002 - (12 - (-5 + 0)).
5
What is 154 + (12 + 1 - ((39 + -3 - 7) + -7))?
145
Evaluate -28 + -19 + 38 + (12 + 7 + -13 - 22).
-25
Evaluate -24 - -61 - (-8 - -10 - -5 - 13).
43
What is the value of -62 + 44 - (7 - (5 - 23))?
-43
What is 12 + (3 - -6) + (3 - (-3 + -15))?
42
What is -30 + 29 + -6 + 44 + 111?
148
-7 + -7 + 6 + (-3 + 16 - 38)
-33
Evaluate 49 + -48 - (-12 + -5 + 1) - -21.
38
-3 + 17 + 1 - (52 + -1 + 8)
-44
Calculate 9 + 23 + 0 + (35 - (30 - 4)).
41
What is 75 - (-19 - 29 - -105)?
18
What is -30 + 34 + -17 + -15 + -18?
-46
What is the value of -64 + (-15 - -45 - 20 - (8 + 0) - -10)?
-52
What is the value of 61 - (19 + 32 + -2)?
12
What is the value of 6 + -18 + -2 + 7 - -35 - -19?
47
Calculate -68 + (8 - (-81 + 50)).
-29
Calculate 1 + -58 + -3892 + 4044.
95
What is (-15838 - -15834) + (0 - -81)?
77
What is -53 + 20 + 23 + 0 + 25?
15
(23 - -3) + 1 - (6 + 22 + -16 + -5)
20
1 + 1 + ((-18 - -34) + -53 - -15)
-20
(373 - 411) + (5 - -65)
32
Calculate 18 + (60 + 31 - 38 - -22).
93
(37 - (-6 + 6)) + 30 + (-60 - -32)
39
What is the value of (6 - 8) + (-11 + 14 - 3) + -4 + 8?
2
What is 24 + -12 + -43 + 45 + -20 + -1 + 1?
-6
-18 + -7 + (-4 - -23) + -24
-30
What is the value of -38 + -35 + 104 + -130?
-99
(-22 - 12) + -14 - (-1 - (4 + -9 + 3))
-49
What is the value of -1 + (6 - (-13 + 56)) + 7 - -10?
-21
Evaluate 61 + 5 - (-18 - (39 - 77)) - -18.
64
(-2 - -5) + (-20 - (-7 + -33 + 19))
4
What is the value of 39 + (5 + 10 + (-83 - -77) - (3 + 1))?
44
-15 - -45 - -71 - (-5 + 33)
73
What is the value of -10 - ((-1 - -14) + -1 - (-17 + 3))?
-36
Calculate (-106 + 102 - (3 - 16)) + -12 + -6.
-9
Evaluate 1 + 49 + -55 + 67.
62
Calculate 38 - (-70 + (-36 - -117)).
27
What is the value of 15 + (-14 + 7 - (5 + -4)) - 0?
7
What is -30 + (52 - (-39 + (25 - 18)))?
54
What is (226 - 345) + 59 + 0?
-60
(1 - -52) + 11 + -40
24
Evaluate -11 + (-4 - -5) + 4 - (11 + (86 - 41)).
-62
What is 4 + -31 + (119 - 58)?
34
Calculate (-61 + 65 - (-29 - -14)) + -23.
-4
What is the value of 9 + -77 + 9 + 22 + -10?
-47
Evaluate 11 + 0 + -46 + 17.
-18
Calculate 134 + -153 - ((1 - -9) + 5 + -11).
-23
Calculate -1 + 16 - (7 - -28 - 28) - 3.
5
Calculate -364 + 193 + (-2 - -88).
-85
Calculate (-106 - -149) + -30 + 34.
47
What is the value of (86 - 1 - 0) + -7 + -7 + (-187 - -193)?
77
Evaluate -107 + 97 + (-2 - -36) - (8 + 0).
16
Evaluate 0 + (0 - 3) + 6 + -3 + 19 + -1.
18
Evaluate 9 + 4 - 49 - (-23 - -40).
-53
Calculate 51 + -50 + 13 - (66 + (7 - 5)).
-54
16 - (17 + (351 - 337 - (-1 + 115)))
99
What is the value of 1 - -32 - (-1002 - -1072)?
-37
What is 45 - ((66 - 18) + 37)?
-40
Evaluate 44 + 26 + -18 + (7 + -10 - -6).
55
What is 2 + -1 + 0 + 9 - (229 - 350 - -14)?
117
What is the value of 1 + 16 - ((23 - (87 + -30)) + -15)?
66
Calculate 21 + (18 + -34 - 0) - (-1 - -8).
-2
-1857 - -2039 - (66 + -2)
118
What is the value of 10 - (-26 + 42 + 36)?
-42
What is 2 + -123 + (1 + -13 - (184 - 190) - -14)?
-113
Evaluate (-51 - -20) + 55 + -8.
16
14 + (21 - (-6 + 0 + 14)) + (-6 - 38)
-17
What is -20 + (-1 - -12) - -80 - 22?
49
138 + (32 - 137 - -44)
77
-11 + -17 + 34 + (-4 - -8 - 7)
3
Calculate -69 - -13 - ((-22 - 6) + 14 - (0 - 6)).
-48
Calculate (136 + -130 - (0 + -2 - -17)) + -26.
-35
What is 6 + -29 + -2 + -24 + 11 + -13 + 16?
-35
What is -39 + -14 + 15 + -3 + -16 + 10?
-47
Calculate 60 + -8 - (925 - 884).
11
What is the value of (0 + 49 - 42) + -56 + 45?
-4
What is the value of 12 + (-38 - -21) - (-7 - -22) - 1?
-21
What is the value of 2 + (16 + -16 - -10 - -12)?
24
What is the value of -404 + 402 + 3 + 1 + -8 + 0?
-6
What is 10 + 9 + -139 + 114?
-6
What is 3 - (3 - 41) - (-24 + 4 + 35 - 21)?
47
What is (-1 - 10) + 55 + 12 + 16 + (-12 - 4)?
56
Evaluate -10 - -3 - -62 - (124 + -108).
39
What is the value of 115 + (-66 - 63 - -151)?
137
What is the value of 66 - (88 + -34 - 18)?
30
What is (-13 - -39) + 12 + -18?
20
Evaluate 15 - 43 - (-7 + 19).
-40
Evaluate -7 - (-39 + 2 + (11 - (14 + 1)) + 16).
18
Calculate (-15 - -37) + -15 + (-2 - -3) + 39.
47
(26 - (-5 - -14) - -73) + (-5 - -25)
110
(9 - (-2 - -6) - (-101 - -70)) + (4 - 0)
40
What is 8 - (-5 - (32 + -17) - -71)?
-43
What is the value of (-11385 - -11400) + (0 - (-1 - (54 - 1)))?
69
What is 18 + 110 + -31 + -41?
56
What is the value of (48 + -13 - (-28 + 29)) + 16?
50
5 + (1 - -6 - 3) + 7 - -4
20
Evaluate 272 + -271 + (-1 + 5 - 1) + (-2 - -34).
36
Evaluate -3567 + 3584 - (-51 + -2).
70
Evaluate (2826 - 2866) + -2 + 42.
0
What is the value of 14 + (-58 - ((27 - -32) + -30))?
-73
Evaluate 5 + -20 - -9 - (3 - (63 - -13)).
67
3 - (-2 - 6 - 12) - 78
-55
Calculate 7 - (-108 + 131 + 3 + 4).
-23
What is -2 + 126 - (-13 + 52 + 141 + -193)?
137
605 + -680 - (1 + -11 - 10)
-55
What is 19 - (118 + -109 + 6 + -94)?
98
What is the value of (-11 - 2) + (13 - (11 + 8) - -13) + 60?
54
Evaluate (-72 - 3) + 36 + -7.
-46
What is the value of (-31 + 24 + 25 - 42) + -16?
-40
What is 59 + -30 + -81 + 38?
-14
-239 + -6 - (871 + -1004)
-112
1 + 152 + 4 + -7 + (19 - 0) + -26
143
Calculate 3 - 56 - (-190 - -173) - -44.
8
-51 + -43 + 74 + -4
-24
Calculate 0 - (13 + 2 + -9 + 10 + (22 - 27)).
-11
Evaluate -5 + -12 + -1 + (8 - -24) + -63.
-49
What is the value of 19 - (-50 + -9 + 61 + (-5 - 0))?
22
(727 - 779) + (0 - -97)
45
(-607 + 599 - (-9 - 2)) + -7
-4
Evaluate -221 + 266 - (3 - (-29 - -3)).
16
Evaluate (14 + -22 - (1 - 8)) + 1 - 2 - -100.
98
What is (-39 - 74) + 63 + -21?
-71
Evaluate -6 + -49 - (-5 + -29) - -104.
83
Evaluate 115 - (56 + (55 - 55)).
59
What is the value of 3 + -4 + -5 - (-445 + 464)?
-25
What is (34 - 0) + -1 - (2983 + -2983) - (-1 - -1)?
33
Evaluate -3 - 0 - (86 - (4